-10 (base 10) in base 12?
-a
12 (base 5) to base 7
10
Convert 3 (base 12) to base 8.
3
2102 (base 3) to base 6
145
0 (base 10) to base 7
0
4a (base 16) to base 11
68
What is 12 (base 4) in base 16?
6
10 (base 2) to base 15
2
Convert 10110111 (base 2) to base 13.
111
-24 (base 8) to base 15
-15
Convert -100 (base 3) to base 4.
-21
Convert a9 (base 11) to base 13.
92
What is 212 (base 3) in base 15?
18
What is -2 (base 9) in base 2?
-10
2 (base 3) to base 7
2
Convert 1 (base 7) to base 5.
1
-333 (base 9) to base 8
-421
-3e (base 15) to base 3
-2012
-8 (base 13) to base 2
-1000
What is -4c (base 16) in base 12?
-64
Convert 123 (base 4) to base 6.
43
-16 (base 15) to base 11
-1a
What is 37 (base 8) in base 11?
29
What is 5 (base 11) in base 16?
5
Convert -6 (base 15) to base 3.
-20
-10 (base 3) to base 12
-3
Convert 2 (base 13) to base 9.
2
-8 (base 16) to base 11
-8
Convert -216 (base 9) to base 8.
-261
What is -3 (base 9) in base 7?
-3
21 (base 7) to base 13
12
What is 8 (base 10) in base 7?
11
-5 (base 6) to base 8
-5
What is -7 (base 15) in base 11?
-7
Convert 20 (base 5) to base 14.
a
Convert -1 (base 11) to base 9.
-1
Convert -26 (base 9) to base 3.
-220
-1 (base 10) to base 7
-1
Convert 2 (base 13) to base 16.
2
What is -4 (base 11) in base 6?
-4
What is -5e (base 15) in base 12?
-75
Convert -257 (base 10) to base 5.
-2012
What is 3 (base 5) in base 6?
3
Convert 2 (base 4) to base 12.
2
513 (base 6) to base 8
275
-33 (base 14) to base 4
-231
-153 (base 6) to base 14
-4d
Convert 10 (base 11) to base 9.
12
Convert -50 (base 8) to base 12.
-34
6 (base 11) to base 10
6
430 (base 6) to base 12
116
-6 (base 12) to base 4
-12
22 (base 5) to base 13
c
Convert 0 (base 10) to base 4.
0
Convert 11210 (base 3) to base 7.
243
Convert 11 (base 2) to base 5.
3
What is 35 (base 8) in base 4?
131
8 (base 15) to base 14
8
2221 (base 3) to base 14
59
What is -100 (base 4) in base 3?
-121
Convert -4 (base 7) to base 8.
-4
Convert 121 (base 8) to base 13.
63
-1200 (base 3) to base 12
-39
Convert 62 (base 16) to base 15.
68
Convert 15 (base 9) to base 16.
e
Convert 28 (base 14) to base 11.
33
Convert -203 (base 9) to base 13.
-c9
Convert 40 (base 10) to base 6.
104
Convert 67 (base 8) to base 14.
3d
Convert 0 (base 16) to base 13.
0
2021 (base 5) to base 12
199
Convert -2 (base 6) to base 11.
-2
1 (base 3) to base 11
1
-1 (base 9) to base 13
-1
What is -1 (base 5) in base 16?
-1
10 (base 3) to base 7
3
Convert -2 (base 3) to base 7.
-2
-2 (base 16) to base 10
-2
Convert 11 (base 8) to base 10.
9
What is 1110 (base 2) in base 3?
112
4 (base 10) to base 16
4
5b (base 16) to base 4
1123
Convert 1200 (base 3) to base 2.
101101
What is 15 (base 10) in base 16?
f
-6 (base 11) to base 4
-12
What is -2230 (base 4) in base 14?
-c4
Convert 3 (base 6) to base 14.
3
8d (base 14) to base 9
148
What is -2 (base 12) in base 11?
-2
What is -121 (base 3) in base 6?
-24
-6 (base 10) to base 6
-10
Convert 10 (base 3) to base 14.
3
-112 (base 4) to base 16
-16
-100 (base 6) to base 3
-1100
What is -101001 (base 2) in base 13?
-32
Convert 111 (base 9) to base 6.
231
-10 (base 6) to base 8
-6
Convert 110010 (base 2) to base 9.
55
Convert -242 (base 8) to base 5.
-1122
8b (base 14) to base 7
234
-4 (base 10) to base 2
-100
What is c1 (base 13) in base 16?
9d
Convert -a (base 11) to base 8.
-12
-3 (base 5) to base 12
-3
What is -435 (base 9) in base 3?
-111012
What is 134 (base 9) in base 13?
88
Convert -2 (base 8) to base 4.
-2
What is -4 (base 13) in base 3?
-11
284 (base 10) to base 6
1152
What is 26 (base 10) in base 6?
42
16 (base 11) to base 5
32
What is -247 (base 8) in base 16?
-a7
Convert 85 (base 11) to base 5.
333
What is 5 (base 8) in base 4?
11
Convert 3 (base 13) to base 5.
3
-111001 (base 2) to base 5
-212
-256 (base 8) to base 14
-c6
What is -20 (base 4) in base 12?
-8
Convert 95 (base 11) to base 6.
252
-1 (base 7) to base 12
-1
What is 14 (base 8) in base 15?
c
1 (base 12) to base 3
1
What is 1 (base 16) in base 9?
1
Convert 3 (base 7) to base 12.
3
Convert 341 (base 5) to base 3.
10120
-11 (base 5) to base 8
-6
What is -32 (base 4) in base 14?
-10
3 (base 8) to base 10
3
What is 4 (base 11) in base 9?
4
What is 22 (base 5) in base 7?
15
Convert 26 (base 7) to base 8.
24
2 (base 14) to base 12
2
3 (base 7) to base 15
3
-1112 (base 3) to base 12
-35
Convert 10 (base 2) to base 6.
2
What is -10a (base 14) in base 3?
-21122
What is 2 (base 13) in base 12?
2
Convert -5 (base 15) to base 2.
-101
What is -3 (base 15) in base 11?
-3
What is -1415 (base 6) in base 8?
-563
What is -33 (base 6) in base 8?
-25
-1 (base 2) to base 12
-1
What is 7 (base 10) in base 5?
12
What is -25 (base 6) in base 9?
-18
What is 10 (base 2) in base 3?
2
What is -202 (base 3) in base 4?
-110
What is 110 (base 2) in base 16?
6
What is -18 (base 11) in base 8?
-23
-1102 (base 5) to base 12
-108
-6 (base 9) to base 14
-6
37 (base 13) to base 4
232
Convert 24 (base 8) to base 7.
26
What is -2 (base 5) in base 10?
-2
Convert -3 (base 10) to base 16.
-3
What is 1 (base 14) in base 10?
1
Convert -5 (base 15) to base 13.
-5
Convert 0 (base 4) to base 6.
0
What is -14 (base 8) in base 9?
-13
-30 (base 15) to base 8
-55
110101 (base 2) to base 5
203
What is -132 (base 4) in base 2?
-11110
What is 0 (base 9) in base 6?
0
11000 (base 2) to base 7
33
-113 (base 5) to base 15
-23
What is 161 (base 9) in base 14?
9a
2 (base 5) to base 3
2
-21 (base 11) to base 13
-1a
Convert -14 (base 5) to base 16.
-9
What is -2 (base 10) in base 5?
-2
What is -251 (base 6) in base 8?
-147
What is -203 (base 4) in base 13?
-29
Convert -86 (base 9) to base 16.
-4e
-3 (base 5) to base 11
-3
Convert -13 (base 5) to base 13.
-8
Convert -11 (base 12) to base 7.
-16
-8 (base 15) to base 16
-8
-42 (base 9) to base 12
-32
-2 (base 13) to base 8
-2
Convert 0 (base 9) to base 11.
0
What is 22 (base 7) in base 11?
15
Convert 25 (base 11) to base 10.
27
What is a (base 16) in base 4?
22
What is -3 (base 15) in base 9?
-3
What is 12 (base 3) in base 8?
5
What is 36 (base 8) in base 12?
26
Convert 4 (base 7) to base 8.
4
-1001 (base 2) to base 13
-9
e (base 16) to base 5
24
-11 (base 13) to base 5
-24
Convert 15 (base 12) to base 15.
12
16 (base 16) to base 5
42
What is 1a4 (base 16) in base 11?
352
16 (base 11) to base 14
13
12 (base 10) to base 13
c
What is 0 (base 2) in base 8?
0
What is -50 (base 7) in base 14?
-27
Convert -20 (base 7) to base 4.
-32
What is 10 (base 6) in base 10?
6
101 (base 10) to base 8
145
What is 3 (base 12) in base 5?
3
What is -1 (base 5) in base 12?
-1
Convert 55 (base 10) to base 12.
47
Convert 310 (base 4) to base 10.
52
What is 5 (base 10) in base 15?
5
Convert -189 (base 13) to base 15.
-13c
Convert 28 (base 13) to base 9.
37
What is 1143 (base 5) in base 2?
10101101
What is 3032 (base 4) in base 8?
316
Convert 2000 (base 3) to base 5.
204
What is b (base 16) in base 11?
10
What is 3 (base 15) in base 9?
3
What is -2 (base 7) in base 2?
-10
Convert 3 (base 12) to base 3.
10
10 (base 13) to base 15
d
What is 6 (base 11) in base 8?
6
What is -1101 (base 2) in base 9?
-14
19 (base 13) to base 9
24
-1001 (base 2) to base 3
-100
What is -13 (base 16) in base 9?
-21
Convert 1221 (base 3) to base 4.
310
Convert 214 (base 8) to base 10.
140
-113 (base 15) to base 16
-f3
What is -10000 (base 2) in base 16?
-10
Convert 3 (base 7) to base 8.
3
Convert -43 (base 13) to base 4.
-313
Convert 1b (base 12) to base 7.
32
-1000 (base 2) to base 12
-8
What is -10 (base 4) in base 8?
-4
Convert 0 (base 6) to base 15.
0
Convert 250 (base 8) to base 14.
c0
What is -5b (base 12) in base 13?
-56
9 (base 10) to base 11
9
What is 3 (base 8) in base 6?
3
What is -1100 (base 2) in base 4?
-30
What is -74 (base 12) in base 11?
-80
What is -15 (base 13) in base 14?
-14
What is -1 (base 11) in base 16?
-1
Convert -5 (base 6) to base 15.
-5
Convert -17 (base 10) to base 2.
-10001
Convert -f8 (base 16) to base 14.
-13a
55 (base 6) to base 2
100011
2 (base 8) to base 7
2
What is -242 (base 6) in base 14?
-70
Convert -4 (base 13) to base 6.
-4
What is 11 (base 13) in base 12?
12
What is 0 (base 13) in base 3?
0
What is 5 (base 6) in base 12?
5
-12020 (base 3) to base 10
-141
Convert 22 (base 3) to base 4.
20
-23 (base 5) to base 12
-11
